{"id":1091,"date":"2025-07-03T15:11:58","date_gmt":"2025-07-03T18:11:58","guid":{"rendered":"https:\/\/planta.com.ar\/?page_id=1091"},"modified":"2025-08-21T14:34:12","modified_gmt":"2025-08-21T17:34:12","slug":"diseno-y-ejecucion-de-huertas-organicas","status":"publish","type":"page","link":"https:\/\/planta.com.ar\/index.php\/diseno-y-ejecucion-de-huertas-organicas\/","title":{"rendered":"Dise\u00f1o, ejecuci\u00f3n y mantenimiento de huertas org\u00e1nicas"},"content":{"rendered":"\t\t<div data-elementor-type=\"wp-page\" data-elementor-id=\"1091\" class=\"elementor elementor-1091\" data-elementor-post-type=\"page\">\n\t\t\t\t<div class=\"elementor-element elementor-element-4bc7eaa e-flex e-con-boxed e-con e-parent\" data-id=\"4bc7eaa\" data-element_type=\"container\" data-e-type=\"container\">\n\t\t\t\t\t<div class=\"e-con-inner\">\n\t\t\t\t<div class=\"elementor-element elementor-element-58b7a0c elementor-widget elementor-widget-heading\" data-id=\"58b7a0c\" data-element_type=\"widget\" data-e-type=\"widget\" data-widget_type=\"heading.default\">\n\t\t\t\t<div class=\"elementor-widget-container\">\n\t\t\t\t\t<h1 class=\"elementor-heading-title elementor-size-default\">Dise\u00f1o, ejecuci\u00f3n y mantenimiento de huertas org\u00e1nicas<\/h1>\t\t\t\t<\/div>\n\t\t\t\t<\/div>\n\t\t\t\t\t<\/div>\n\t\t\t\t<\/div>\n\t\t<div class=\"elementor-element elementor-element-b602218 e-flex e-con-boxed e-con e-parent\" data-id=\"b602218\" data-element_type=\"container\" data-e-type=\"container\">\n\t\t\t\t\t<div class=\"e-con-inner\">\n\t\t<div class=\"elementor-element elementor-element-952d903 e-con-full e-flex e-con e-child\" data-id=\"952d903\" data-element_type=\"container\" data-e-type=\"container\">\n\t\t\t\t<div class=\"elementor-element elementor-element-3889edb elementor-arrows-position-outside elementor-pagination-type-bullets elementor-pagination-position-outside elementor-widget elementor-widget-n-carousel\" data-id=\"3889edb\" data-element_type=\"widget\" data-e-type=\"widget\" data-settings=\"{&quot;carousel_items&quot;:[{&quot;slide_title&quot;:&quot;Slide #1&quot;,&quot;_id&quot;:&quot;4def23d&quot;},{&quot;slide_title&quot;:&quot;Slide #2&quot;,&quot;_id&quot;:&quot;601392d&quot;},{&quot;slide_title&quot;:&quot;Slide #3&quot;,&quot;_id&quot;:&quot;e21d496&quot;},{&quot;slide_title&quot;:&quot;Slide #3&quot;,&quot;_id&quot;:&quot;7825910&quot;}],&quot;slides_to_show&quot;:&quot;2&quot;,&quot;slides_to_scroll&quot;:&quot;1&quot;,&quot;autoplay_speed&quot;:3600,&quot;image_spacing_custom&quot;:{&quot;unit&quot;:&quot;px&quot;,&quot;size&quot;:0,&quot;sizes&quot;:[]},&quot;slides_to_show_tablet&quot;:&quot;2&quot;,&quot;slides_to_show_mobile&quot;:&quot;1&quot;,&quot;autoplay&quot;:&quot;yes&quot;,&quot;pause_on_hover&quot;:&quot;yes&quot;,&quot;pause_on_interaction&quot;:&quot;yes&quot;,&quot;infinite&quot;:&quot;yes&quot;,&quot;speed&quot;:500,&quot;offset_sides&quot;:&quot;none&quot;,&quot;arrows&quot;:&quot;yes&quot;,&quot;pagination&quot;:&quot;bullets&quot;,&quot;image_spacing_custom_tablet&quot;:{&quot;unit&quot;:&quot;px&quot;,&quot;size&quot;:&quot;&quot;,&quot;sizes&quot;:[]},&quot;image_spacing_custom_mobile&quot;:{&quot;unit&quot;:&quot;px&quot;,&quot;size&quot;:&quot;&quot;,&quot;sizes&quot;:[]}}\" data-widget_type=\"nested-carousel.default\">\n\t\t\t\t<div class=\"elementor-widget-container\">\n\t\t\t\t\t\t\t<div class=\"e-n-carousel swiper\" role=\"region\" aria-roledescription=\"carousel\" aria-label=\"Carousel\" dir=\"ltr\">\n\t\t\t<div class=\"swiper-wrapper\" aria-live=\"off\">\n\t\t\t\t\t\t\t\t\t\t<div class=\"swiper-slide\" data-slide=\"1\" role=\"group\" aria-roledescription=\"slide\" aria-label=\"1 of 4\">\n\t\t\t\t\t\t\t<div class=\"elementor-element elementor-element-dac4f1c e-flex e-con-boxed e-con e-child\" data-id=\"dac4f1c\" data-element_type=\"container\" data-e-type=\"container\">\n\t\t\t\t\t<div class=\"e-con-inner\">\n\t\t\t\t<div class=\"elementor-element elementor-element-31726ed elementor-widget elementor-widget-image\" data-id=\"31726ed\" data-element_type=\"widget\" data-e-type=\"widget\" data-widget_type=\"image.default\">\n\t\t\t\t<div class=\"elementor-widget-container\">\n\t\t\t\t\t\t\t\t\t\t\t\t\t\t\t<img fetchpriority=\"high\" decoding=\"async\" width=\"323\" height=\"323\" src=\"https:\/\/planta.com.ar\/wp-content\/uploads\/2025\/08\/HUERTA_MANOFRUTO_final.png\" class=\"attachment-full size-full wp-image-1377\" alt=\"\" \/>\t\t\t\t\t\t\t\t\t\t\t\t\t\t\t<\/div>\n\t\t\t\t<\/div>\n\t\t\t\t\t<\/div>\n\t\t\t\t<\/div>\n\t\t\t\t\t\t\t\t<\/div>\n\t\t\t\t\t\t\t\t\t\t\t<div class=\"swiper-slide\" data-slide=\"2\" role=\"group\" aria-roledescription=\"slide\" aria-label=\"2 of 4\">\n\t\t\t\t\t\t\t<div class=\"elementor-element elementor-element-74be3a7 e-flex e-con-boxed e-con e-child\" data-id=\"74be3a7\" data-element_type=\"container\" data-e-type=\"container\">\n\t\t\t\t\t<div class=\"e-con-inner\">\n\t\t\t\t<div class=\"elementor-element elementor-element-261d24d elementor-widget elementor-widget-image\" data-id=\"261d24d\" data-element_type=\"widget\" data-e-type=\"widget\" data-widget_type=\"image.default\">\n\t\t\t\t<div class=\"elementor-widget-container\">\n\t\t\t\t\t\t\t\t\t\t\t\t\t\t\t<img decoding=\"async\" width=\"323\" height=\"323\" src=\"https:\/\/planta.com.ar\/wp-content\/uploads\/2025\/08\/HUERTA_FLOR_final.png\" class=\"attachment-full size-full wp-image-1376\" alt=\"\" \/>\t\t\t\t\t\t\t\t\t\t\t\t\t\t\t<\/div>\n\t\t\t\t<\/div>\n\t\t\t\t\t<\/div>\n\t\t\t\t<\/div>\n\t\t\t\t\t\t\t\t<\/div>\n\t\t\t\t\t\t\t\t\t\t\t<div class=\"swiper-slide\" data-slide=\"3\" role=\"group\" aria-roledescription=\"slide\" aria-label=\"3 of 4\">\n\t\t\t\t\t\t\t<div class=\"elementor-element elementor-element-02a52c1 e-flex e-con-boxed e-con e-child\" data-id=\"02a52c1\" data-element_type=\"container\" data-e-type=\"container\">\n\t\t\t\t\t<div class=\"e-con-inner\">\n\t\t\t\t<div class=\"elementor-element elementor-element-7517c39 elementor-widget elementor-widget-image\" data-id=\"7517c39\" data-element_type=\"widget\" data-e-type=\"widget\" data-widget_type=\"image.default\">\n\t\t\t\t<div class=\"elementor-widget-container\">\n\t\t\t\t\t\t\t\t\t\t\t\t\t\t\t<img decoding=\"async\" width=\"323\" height=\"323\" src=\"https:\/\/planta.com.ar\/wp-content\/uploads\/2025\/08\/HUERTA_BICHO_final.png\" class=\"attachment-full size-full wp-image-1374\" alt=\"\" \/>\t\t\t\t\t\t\t\t\t\t\t\t\t\t\t<\/div>\n\t\t\t\t<\/div>\n\t\t\t\t\t<\/div>\n\t\t\t\t<\/div>\n\t\t\t\t\t\t\t\t<\/div>\n\t\t\t\t\t\t\t\t\t\t\t<div class=\"swiper-slide\" data-slide=\"4\" role=\"group\" aria-roledescription=\"slide\" aria-label=\"4 of 4\">\n\t\t\t\t\t\t\t<div class=\"elementor-element elementor-element-15423d9 e-flex e-con-boxed e-con e-child\" data-id=\"15423d9\" data-element_type=\"container\" data-e-type=\"container\">\n\t\t\t\t\t<div class=\"e-con-inner\">\n\t\t\t\t<div class=\"elementor-element elementor-element-6a79de7 elementor-widget elementor-widget-image\" data-id=\"6a79de7\" data-element_type=\"widget\" data-e-type=\"widget\" data-widget_type=\"image.default\">\n\t\t\t\t<div class=\"elementor-widget-container\">\n\t\t\t\t\t\t\t\t\t\t\t\t\t\t\t<img loading=\"lazy\" decoding=\"async\" width=\"323\" height=\"323\" src=\"https:\/\/planta.com.ar\/wp-content\/uploads\/2025\/08\/HUERTA_COMPOST_final.png\" class=\"attachment-full size-full wp-image-1375\" alt=\"\" \/>\t\t\t\t\t\t\t\t\t\t\t\t\t\t\t<\/div>\n\t\t\t\t<\/div>\n\t\t\t\t\t<\/div>\n\t\t\t\t<\/div>\n\t\t\t\t\t\t\t\t<\/div>\n\t\t\t\t\t\t\t\t<\/div>\n\t\t<\/div>\n\t\t\t\t\t<div class=\"elementor-swiper-button elementor-swiper-button-prev\" role=\"button\" tabindex=\"0\" aria-label=\"Previous\">\n\t\t\t\t<svg aria-hidden=\"true\" class=\"e-font-icon-svg e-eicon-chevron-left\" viewBox=\"0 0 1000 1000\" xmlns=\"http:\/\/www.w3.org\/2000\/svg\"><path d=\"M646 125C629 125 613 133 604 142L308 442C296 454 292 471 292 487 292 504 296 521 308 533L604 854C617 867 629 875 646 875 663 875 679 871 692 858 704 846 713 829 713 812 713 796 708 779 692 767L438 487 692 225C700 217 708 204 708 187 708 171 704 154 692 142 675 129 663 125 646 125Z\"><\/path><\/svg>\t\t\t<\/div>\n\t\t\t<div class=\"elementor-swiper-button elementor-swiper-button-next\" role=\"button\" tabindex=\"0\" aria-label=\"Next\">\n\t\t\t\t<svg aria-hidden=\"true\" class=\"e-font-icon-svg e-eicon-chevron-right\" viewBox=\"0 0 1000 1000\" xmlns=\"http:\/\/www.w3.org\/2000\/svg\"><path d=\"M696 533C708 521 713 504 713 487 713 471 708 454 696 446L400 146C388 133 375 125 354 125 338 125 325 129 313 142 300 154 292 171 292 187 292 204 296 221 308 233L563 492 304 771C292 783 288 800 288 817 288 833 296 850 308 863 321 871 338 875 354 875 371 875 388 867 400 854L696 533Z\"><\/path><\/svg>\t\t\t<\/div>\n\t\t\t\t\t<div class=\"swiper-pagination\"><\/div>\n\t\t\t\t\t\t<\/div>\n\t\t\t\t<\/div>\n\t\t\t\t<\/div>\n\t\t<div class=\"elementor-element elementor-element-bb3f2e5 e-con-full e-flex e-con e-child\" data-id=\"bb3f2e5\" data-element_type=\"container\" data-e-type=\"container\">\n\t\t\t\t<div class=\"elementor-element elementor-element-c48c118 elementor-widget elementor-widget-text-editor\" data-id=\"c48c118\" data-element_type=\"widget\" data-e-type=\"widget\" data-widget_type=\"text-editor.default\">\n\t\t\t\t<div class=\"elementor-widget-container\">\n\t\t\t\t\t\t\t\t\t<p>Creamos espacios donde se une la producci\u00f3n de alimentos con lo terap\u00e9utico de cosechar lo propio, logrando lugares que cumplan servicios desde lo reflexivo hasta lo productivo.<\/p><p>Utilizamos insumos y t\u00e9cnicas de manejo org\u00e1nicas, contando con un equipo experto en este tipo de cultivo para darle a nuestras huertas un enfoque saludable y natural.<\/p><p>Adem\u00e1s ofrecemos mantenimiento en huertas ya instaladas y asesoramiento a productores.<\/p>\t\t\t\t\t\t\t\t<\/div>\n\t\t\t\t<\/div>\n\t\t\t\t<\/div>\n\t\t\t\t\t<\/div>\n\t\t\t\t<\/div>\n\t\t<div class=\"elementor-element elementor-element-3916afa e-flex e-con-boxed e-con e-parent\" data-id=\"3916afa\" data-element_type=\"container\" data-e-type=\"container\">\n\t\t\t\t\t<div class=\"e-con-inner\">\n\t\t\t\t<div class=\"elementor-element elementor-element-c239504 elementor-widget elementor-widget-heading\" data-id=\"c239504\" data-element_type=\"widget\" data-e-type=\"widget\" data-widget_type=\"heading.default\">\n\t\t\t\t<div class=\"elementor-widget-container\">\n\t\t\t\t\t<h2 class=\"elementor-heading-title elementor-size-default\">Otros servicios<\/h2>\t\t\t\t<\/div>\n\t\t\t\t<\/div>\n\t\t\t\t\t<\/div>\n\t\t\t\t<\/div>\n\t\t<div class=\"elementor-element elementor-element-eed29d0 e-flex e-con-boxed e-con e-parent\" data-id=\"eed29d0\" data-element_type=\"container\" data-e-type=\"container\">\n\t\t\t\t\t<div class=\"e-con-inner\">\n\t\t<div class=\"elementor-element elementor-element-1edf895 e-con-full e-flex e-con e-child\" data-id=\"1edf895\" data-element_type=\"container\" data-e-type=\"container\">\n\t\t\t\t<div class=\"elementor-element elementor-element-adaaf14 elementor-widget elementor-widget-image\" data-id=\"adaaf14\" data-element_type=\"widget\" data-e-type=\"widget\" data-widget_type=\"image.default\">\n\t\t\t\t<div class=\"elementor-widget-container\">\n\t\t\t\t\t\t\t\t\t\t\t\t\t\t\t\t<a href=\"https:\/\/planta.com.ar\/index.php\/diseno-y-ejecucion-de-espacios-verdes\/\">\n\t\t\t\t\t\t\t<img loading=\"lazy\" decoding=\"async\" width=\"770\" height=\"405\" src=\"https:\/\/planta.com.ar\/wp-content\/uploads\/2025\/04\/ppal_diseno-1-770x405.png\" class=\"attachment-large size-large wp-image-358\" alt=\"\" \/>\t\t\t\t\t\t\t\t<\/a>\n\t\t\t\t\t\t\t\t\t\t\t\t\t\t\t<\/div>\n\t\t\t\t<\/div>\n\t\t\t\t<div class=\"elementor-element elementor-element-450cf55 elementor-widget elementor-widget-heading\" data-id=\"450cf55\" data-element_type=\"widget\" data-e-type=\"widget\" data-widget_type=\"heading.default\">\n\t\t\t\t<div class=\"elementor-widget-container\">\n\t\t\t\t\t<h2 class=\"elementor-heading-title elementor-size-default\"><a href=\"https:\/\/planta.com.ar\/index.php\/diseno-y-ejecucion-de-espacios-verdes\/\">Dise\u00f1o y ejecuci\u00f3n de espacios verdes<\/a><\/h2>\t\t\t\t<\/div>\n\t\t\t\t<\/div>\n\t\t\t\t<div class=\"elementor-element elementor-element-f79266a elementor-widget elementor-widget-text-editor\" data-id=\"f79266a\" data-element_type=\"widget\" data-e-type=\"widget\" data-widget_type=\"text-editor.default\">\n\t\t\t\t<div class=\"elementor-widget-container\">\n\t\t\t\t\t\t\t\t\t<div class=\"elementor-element elementor-element-6dd6fa0 elementor-widget elementor-widget-text-editor\" data-id=\"6dd6fa0\" data-element_type=\"widget\" data-widget_type=\"text-editor.default\"><div class=\"elementor-widget-container\"><p>Realizamos proyectos en espacios p\u00fablicos y privados, enfoc\u00e1ndonos en un uso racional de los recursos y adapt\u00e1ndonos al entorno a intervenir.<\/p><\/div><\/div>\t\t\t\t\t\t\t\t<\/div>\n\t\t\t\t<\/div>\n\t\t\t\t<\/div>\n\t\t<div class=\"elementor-element elementor-element-0dda904 e-con-full e-flex e-con e-child\" data-id=\"0dda904\" data-element_type=\"container\" data-e-type=\"container\">\n\t\t\t\t<div class=\"elementor-element elementor-element-5f56c40 elementor-widget elementor-widget-image\" data-id=\"5f56c40\" data-element_type=\"widget\" data-e-type=\"widget\" data-widget_type=\"image.default\">\n\t\t\t\t<div class=\"elementor-widget-container\">\n\t\t\t\t\t\t\t\t\t\t\t\t\t\t\t\t<a href=\"https:\/\/planta.com.ar\/index.php\/instalacion-de-sistemas-de-riego\/\">\n\t\t\t\t\t\t\t<img loading=\"lazy\" decoding=\"async\" width=\"770\" height=\"405\" src=\"https:\/\/planta.com.ar\/wp-content\/uploads\/2025\/04\/foto_riego-770x405.png\" class=\"attachment-large size-large wp-image-169\" alt=\"\" \/>\t\t\t\t\t\t\t\t<\/a>\n\t\t\t\t\t\t\t\t\t\t\t\t\t\t\t<\/div>\n\t\t\t\t<\/div>\n\t\t\t\t<div class=\"elementor-element elementor-element-0206442 elementor-widget elementor-widget-heading\" data-id=\"0206442\" data-element_type=\"widget\" data-e-type=\"widget\" data-widget_type=\"heading.default\">\n\t\t\t\t<div class=\"elementor-widget-container\">\n\t\t\t\t\t<h2 class=\"elementor-heading-title elementor-size-default\"><a href=\"https:\/\/planta.com.ar\/index.php\/instalacion-de-sistemas-de-riego\/\">Instalaci\u00f3n de sistemas de riego<\/a><\/h2>\t\t\t\t<\/div>\n\t\t\t\t<\/div>\n\t\t\t\t<div class=\"elementor-element elementor-element-b134406 elementor-widget elementor-widget-text-editor\" data-id=\"b134406\" data-element_type=\"widget\" data-e-type=\"widget\" data-widget_type=\"text-editor.default\">\n\t\t\t\t<div class=\"elementor-widget-container\">\n\t\t\t\t\t\t\t\t\t<p style=\"text-align: center;\">Dise\u00f1amos e instalamos sistemas de riego en parques, jardines, balcones,campos deportivos y proyectos productivos.<\/p>\t\t\t\t\t\t\t\t<\/div>\n\t\t\t\t<\/div>\n\t\t\t\t<\/div>\n\t\t<div class=\"elementor-element elementor-element-f91322e e-con-full e-flex e-con e-child\" data-id=\"f91322e\" data-element_type=\"container\" data-e-type=\"container\">\n\t\t\t\t<div class=\"elementor-element elementor-element-9d05596 elementor-widget elementor-widget-image\" data-id=\"9d05596\" data-element_type=\"widget\" data-e-type=\"widget\" data-widget_type=\"image.default\">\n\t\t\t\t<div class=\"elementor-widget-container\">\n\t\t\t\t\t\t\t\t\t\t\t\t\t\t\t\t<a href=\"https:\/\/planta.com.ar\/index.php\/mantenimiento-integral-de-jardines-y-espacios-verdes\">\n\t\t\t\t\t\t\t<img loading=\"lazy\" decoding=\"async\" width=\"770\" height=\"405\" src=\"https:\/\/planta.com.ar\/wp-content\/uploads\/2025\/04\/foto_mantenimiento-770x405.png\" class=\"attachment-large size-large wp-image-209\" alt=\"\" \/>\t\t\t\t\t\t\t\t<\/a>\n\t\t\t\t\t\t\t\t\t\t\t\t\t\t\t<\/div>\n\t\t\t\t<\/div>\n\t\t\t\t<div class=\"elementor-element elementor-element-36a1bb9 elementor-widget elementor-widget-heading\" data-id=\"36a1bb9\" data-element_type=\"widget\" data-e-type=\"widget\" data-widget_type=\"heading.default\">\n\t\t\t\t<div class=\"elementor-widget-container\">\n\t\t\t\t\t<h2 class=\"elementor-heading-title elementor-size-default\"><a href=\"https:\/\/planta.com.ar\/index.php\/mantenimiento-integral-de-jardines-y-espacios-verdes\">Mantenimiento integral de jardines y espacios verdes<\/a><\/h2>\t\t\t\t<\/div>\n\t\t\t\t<\/div>\n\t\t\t\t<div class=\"elementor-element elementor-element-4b31e8a elementor-widget elementor-widget-text-editor\" data-id=\"4b31e8a\" data-element_type=\"widget\" data-e-type=\"widget\" data-widget_type=\"text-editor.default\">\n\t\t\t\t<div class=\"elementor-widget-container\">\n\t\t\t\t\t\t\t\t\t<p>Ofrecemos mantenimiento de espacios verdes, con una mirada sustentable y amigable con el medio ambiente.<\/p>\t\t\t\t\t\t\t\t<\/div>\n\t\t\t\t<\/div>\n\t\t\t\t<\/div>\n\t\t\t\t\t<\/div>\n\t\t\t\t<\/div>\n\t\t\t\t<\/div>\n\t\t","protected":false},"excerpt":{"rendered":"<p>Desarrollamos y mantenemos huertas org\u00e1nicas, apuntando nuestros servicios tanto a jardines particulares como a instituciones, entidades privadas y emprendimientos productivos.<\/p>\n","protected":false},"author":1,"featured_media":1096,"parent":0,"menu_order":0,"comment_status":"closed","ping_status":"closed","template":"","meta":{"footnotes":""},"class_list":["post-1091","page","type-page","status-publish","has-post-thumbnail","hentry"],"yoast_head":"<!-- This site is optimized with the Yoast SEO plugin v25.8 - https:\/\/yoast.com\/wordpress\/plugins\/seo\/ -->\n<title>Dise\u00f1o, ejecuci\u00f3n y mantenimiento de huertas org\u00e1nicas - Planta<\/title>\n<meta name=\"robots\" content=\"index, follow, max-snippet:-1, max-image-preview:large, max-video-preview:-1\" \/>\n<link rel=\"canonical\" href=\"https:\/\/planta.com.ar\/index.php\/diseno-y-ejecucion-de-huertas-organicas\/\" \/>\n<meta property=\"og:locale\" content=\"es_ES\" \/>\n<meta property=\"og:type\" content=\"article\" \/>\n<meta property=\"og:title\" content=\"Dise\u00f1o, ejecuci\u00f3n y mantenimiento de huertas org\u00e1nicas - Planta\" \/>\n<meta property=\"og:description\" content=\"Desarrollamos y mantenemos huertas org\u00e1nicas, apuntando nuestros servicios tanto a jardines particulares como a instituciones, entidades privadas y emprendimientos productivos.\" \/>\n<meta property=\"og:url\" content=\"https:\/\/planta.com.ar\/index.php\/diseno-y-ejecucion-de-huertas-organicas\/\" \/>\n<meta property=\"og:site_name\" content=\"Planta\" \/>\n<meta property=\"article:modified_time\" content=\"2025-08-21T17:34:12+00:00\" \/>\n<meta property=\"og:image\" content=\"https:\/\/planta.com.ar\/wp-content\/uploads\/2025\/07\/PRINCIAL_HUERTA-scaled.jpg\" \/>\n\t<meta property=\"og:image:width\" content=\"2560\" \/>\n\t<meta property=\"og:image:height\" content=\"1440\" \/>\n\t<meta property=\"og:image:type\" content=\"image\/jpeg\" \/>\n<meta name=\"twitter:card\" content=\"summary_large_image\" \/>\n<meta name=\"twitter:label1\" content=\"Tiempo de lectura\" \/>\n\t<meta name=\"twitter:data1\" content=\"1 minuto\" \/>\n<script type=\"application\/ld+json\" class=\"yoast-schema-graph\">{\"@context\":\"https:\/\/schema.org\",\"@graph\":[{\"@type\":\"WebPage\",\"@id\":\"https:\/\/planta.com.ar\/index.php\/diseno-y-ejecucion-de-huertas-organicas\/\",\"url\":\"https:\/\/planta.com.ar\/index.php\/diseno-y-ejecucion-de-huertas-organicas\/\",\"name\":\"Dise\u00f1o, ejecuci\u00f3n y mantenimiento de huertas org\u00e1nicas - Planta\",\"isPartOf\":{\"@id\":\"https:\/\/planta.com.ar\/#website\"},\"primaryImageOfPage\":{\"@id\":\"https:\/\/planta.com.ar\/index.php\/diseno-y-ejecucion-de-huertas-organicas\/#primaryimage\"},\"image\":{\"@id\":\"https:\/\/planta.com.ar\/index.php\/diseno-y-ejecucion-de-huertas-organicas\/#primaryimage\"},\"thumbnailUrl\":\"https:\/\/planta.com.ar\/wp-content\/uploads\/2025\/07\/PRINCIAL_HUERTA-scaled.jpg\",\"datePublished\":\"2025-07-03T18:11:58+00:00\",\"dateModified\":\"2025-08-21T17:34:12+00:00\",\"breadcrumb\":{\"@id\":\"https:\/\/planta.com.ar\/index.php\/diseno-y-ejecucion-de-huertas-organicas\/#breadcrumb\"},\"inLanguage\":\"es-AR\",\"potentialAction\":[{\"@type\":\"ReadAction\",\"target\":[\"https:\/\/planta.com.ar\/index.php\/diseno-y-ejecucion-de-huertas-organicas\/\"]}]},{\"@type\":\"ImageObject\",\"inLanguage\":\"es-AR\",\"@id\":\"https:\/\/planta.com.ar\/index.php\/diseno-y-ejecucion-de-huertas-organicas\/#primaryimage\",\"url\":\"https:\/\/planta.com.ar\/wp-content\/uploads\/2025\/07\/PRINCIAL_HUERTA-scaled.jpg\",\"contentUrl\":\"https:\/\/planta.com.ar\/wp-content\/uploads\/2025\/07\/PRINCIAL_HUERTA-scaled.jpg\",\"width\":2560,\"height\":1440},{\"@type\":\"BreadcrumbList\",\"@id\":\"https:\/\/planta.com.ar\/index.php\/diseno-y-ejecucion-de-huertas-organicas\/#breadcrumb\",\"itemListElement\":[{\"@type\":\"ListItem\",\"position\":1,\"name\":\"Inicio\",\"item\":\"https:\/\/planta.com.ar\/\"},{\"@type\":\"ListItem\",\"position\":2,\"name\":\"Dise\u00f1o, ejecuci\u00f3n y mantenimiento de huertas org\u00e1nicas\"}]},{\"@type\":\"WebSite\",\"@id\":\"https:\/\/planta.com.ar\/#website\",\"url\":\"https:\/\/planta.com.ar\/\",\"name\":\"Planta\",\"description\":\"Ofrecemos servicios de dise\u00f1o y ejecuci\u00f3n de espacios verdes sustentables, con un gran compromiso en el cuidado del medio ambiente.\",\"publisher\":{\"@id\":\"https:\/\/planta.com.ar\/#organization\"},\"potentialAction\":[{\"@type\":\"SearchAction\",\"target\":{\"@type\":\"EntryPoint\",\"urlTemplate\":\"https:\/\/planta.com.ar\/?s={search_term_string}\"},\"query-input\":{\"@type\":\"PropertyValueSpecification\",\"valueRequired\":true,\"valueName\":\"search_term_string\"}}],\"inLanguage\":\"es-AR\"},{\"@type\":\"Organization\",\"@id\":\"https:\/\/planta.com.ar\/#organization\",\"name\":\"Planta\",\"url\":\"https:\/\/planta.com.ar\/\",\"logo\":{\"@type\":\"ImageObject\",\"inLanguage\":\"es-AR\",\"@id\":\"https:\/\/planta.com.ar\/#\/schema\/logo\/image\/\",\"url\":\"https:\/\/planta.com.ar\/wp-content\/uploads\/2025\/04\/logo_planta.png\",\"contentUrl\":\"https:\/\/planta.com.ar\/wp-content\/uploads\/2025\/04\/logo_planta.png\",\"width\":454,\"height\":203,\"caption\":\"Planta\"},\"image\":{\"@id\":\"https:\/\/planta.com.ar\/#\/schema\/logo\/image\/\"}}]}<\/script>\n<!-- \/ Yoast SEO plugin. -->","yoast_head_json":{"title":"Dise\u00f1o, ejecuci\u00f3n y mantenimiento de huertas org\u00e1nicas - Planta","robots":{"index":"index","follow":"follow","max-snippet":"max-snippet:-1","max-image-preview":"max-image-preview:large","max-video-preview":"max-video-preview:-1"},"canonical":"https:\/\/planta.com.ar\/index.php\/diseno-y-ejecucion-de-huertas-organicas\/","og_locale":"es_ES","og_type":"article","og_title":"Dise\u00f1o, ejecuci\u00f3n y mantenimiento de huertas org\u00e1nicas - Planta","og_description":"Desarrollamos y mantenemos huertas org\u00e1nicas, apuntando nuestros servicios tanto a jardines particulares como a instituciones, entidades privadas y emprendimientos productivos.","og_url":"https:\/\/planta.com.ar\/index.php\/diseno-y-ejecucion-de-huertas-organicas\/","og_site_name":"Planta","article_modified_time":"2025-08-21T17:34:12+00:00","og_image":[{"width":2560,"height":1440,"url":"https:\/\/planta.com.ar\/wp-content\/uploads\/2025\/07\/PRINCIAL_HUERTA-scaled.jpg","type":"image\/jpeg"}],"twitter_card":"summary_large_image","twitter_misc":{"Tiempo de lectura":"1 minuto"},"schema":{"@context":"https:\/\/schema.org","@graph":[{"@type":"WebPage","@id":"https:\/\/planta.com.ar\/index.php\/diseno-y-ejecucion-de-huertas-organicas\/","url":"https:\/\/planta.com.ar\/index.php\/diseno-y-ejecucion-de-huertas-organicas\/","name":"Dise\u00f1o, ejecuci\u00f3n y mantenimiento de huertas org\u00e1nicas - Planta","isPartOf":{"@id":"https:\/\/planta.com.ar\/#website"},"primaryImageOfPage":{"@id":"https:\/\/planta.com.ar\/index.php\/diseno-y-ejecucion-de-huertas-organicas\/#primaryimage"},"image":{"@id":"https:\/\/planta.com.ar\/index.php\/diseno-y-ejecucion-de-huertas-organicas\/#primaryimage"},"thumbnailUrl":"https:\/\/planta.com.ar\/wp-content\/uploads\/2025\/07\/PRINCIAL_HUERTA-scaled.jpg","datePublished":"2025-07-03T18:11:58+00:00","dateModified":"2025-08-21T17:34:12+00:00","breadcrumb":{"@id":"https:\/\/planta.com.ar\/index.php\/diseno-y-ejecucion-de-huertas-organicas\/#breadcrumb"},"inLanguage":"es-AR","potentialAction":[{"@type":"ReadAction","target":["https:\/\/planta.com.ar\/index.php\/diseno-y-ejecucion-de-huertas-organicas\/"]}]},{"@type":"ImageObject","inLanguage":"es-AR","@id":"https:\/\/planta.com.ar\/index.php\/diseno-y-ejecucion-de-huertas-organicas\/#primaryimage","url":"https:\/\/planta.com.ar\/wp-content\/uploads\/2025\/07\/PRINCIAL_HUERTA-scaled.jpg","contentUrl":"https:\/\/planta.com.ar\/wp-content\/uploads\/2025\/07\/PRINCIAL_HUERTA-scaled.jpg","width":2560,"height":1440},{"@type":"BreadcrumbList","@id":"https:\/\/planta.com.ar\/index.php\/diseno-y-ejecucion-de-huertas-organicas\/#breadcrumb","itemListElement":[{"@type":"ListItem","position":1,"name":"Inicio","item":"https:\/\/planta.com.ar\/"},{"@type":"ListItem","position":2,"name":"Dise\u00f1o, ejecuci\u00f3n y mantenimiento de huertas org\u00e1nicas"}]},{"@type":"WebSite","@id":"https:\/\/planta.com.ar\/#website","url":"https:\/\/planta.com.ar\/","name":"Planta","description":"Ofrecemos servicios de dise\u00f1o y ejecuci\u00f3n de espacios verdes sustentables, con un gran compromiso en el cuidado del medio ambiente.","publisher":{"@id":"https:\/\/planta.com.ar\/#organization"},"potentialAction":[{"@type":"SearchAction","target":{"@type":"EntryPoint","urlTemplate":"https:\/\/planta.com.ar\/?s={search_term_string}"},"query-input":{"@type":"PropertyValueSpecification","valueRequired":true,"valueName":"search_term_string"}}],"inLanguage":"es-AR"},{"@type":"Organization","@id":"https:\/\/planta.com.ar\/#organization","name":"Planta","url":"https:\/\/planta.com.ar\/","logo":{"@type":"ImageObject","inLanguage":"es-AR","@id":"https:\/\/planta.com.ar\/#\/schema\/logo\/image\/","url":"https:\/\/planta.com.ar\/wp-content\/uploads\/2025\/04\/logo_planta.png","contentUrl":"https:\/\/planta.com.ar\/wp-content\/uploads\/2025\/04\/logo_planta.png","width":454,"height":203,"caption":"Planta"},"image":{"@id":"https:\/\/planta.com.ar\/#\/schema\/logo\/image\/"}}]}},"_links":{"self":[{"href":"https:\/\/planta.com.ar\/index.php\/wp-json\/wp\/v2\/pages\/1091","targetHints":{"allow":["GET"]}}],"collection":[{"href":"https:\/\/planta.com.ar\/index.php\/wp-json\/wp\/v2\/pages"}],"about":[{"href":"https:\/\/planta.com.ar\/index.php\/wp-json\/wp\/v2\/types\/page"}],"author":[{"embeddable":true,"href":"https:\/\/planta.com.ar\/index.php\/wp-json\/wp\/v2\/users\/1"}],"replies":[{"embeddable":true,"href":"https:\/\/planta.com.ar\/index.php\/wp-json\/wp\/v2\/comments?post=1091"}],"version-history":[{"count":103,"href":"https:\/\/planta.com.ar\/index.php\/wp-json\/wp\/v2\/pages\/1091\/revisions"}],"predecessor-version":[{"id":1545,"href":"https:\/\/planta.com.ar\/index.php\/wp-json\/wp\/v2\/pages\/1091\/revisions\/1545"}],"wp:featuredmedia":[{"embeddable":true,"href":"https:\/\/planta.com.ar\/index.php\/wp-json\/wp\/v2\/media\/1096"}],"wp:attachment":[{"href":"https:\/\/planta.com.ar\/index.php\/wp-json\/wp\/v2\/media?parent=1091"}],"curies":[{"name":"wp","href":"https:\/\/api.w.org\/{rel}","templated":true}]}}